{"id":2099,"date":"2024-05-25T17:20:31","date_gmt":"2024-05-25T17:20:31","guid":{"rendered":"https:\/\/sgpsolucoes.com.br\/site\/?page_id=2099"},"modified":"2024-05-25T18:02:10","modified_gmt":"2024-05-25T18:02:10","slug":"termo-de-consentimento-da-privacidade","status":"publish","type":"page","link":"https:\/\/sgpsolucoes.com.br\/site\/termo-de-consentimento-da-privacidade\/","title":{"rendered":"Termo de Consentimento da Privacidade"},"content":{"rendered":"\t\t<div data-elementor-type=\"wp-page\" data-elementor-id=\"2099\" class=\"elementor elementor-2099\" data-elementor-post-type=\"page\">\n\t\t\t\t<div class=\"elementor-element elementor-element-a7b8641 e-flex e-con-boxed e-con e-parent\" data-id=\"a7b8641\" data-element_type=\"container\" data-settings=\"{&quot;background_background&quot;:&quot;classic&quot;}\">\n\t\t\t\t\t<div class=\"e-con-inner\">\n\t\t<div class=\"elementor-element elementor-element-44fc2f6 e-con-full e-flex e-con e-child\" data-id=\"44fc2f6\" data-element_type=\"container\">\n\t\t\t\t<div class=\"elementor-element elementor-element-5db7786 elementor-widget elementor-widget-text-editor\" data-id=\"5db7786\" data-element_type=\"widget\" data-widget_type=\"text-editor.default\">\n\t\t\t\t<div class=\"elementor-widget-container\">\n\t\t\t\t\t\t\t\t\tTermo de Consentimento para Clientes, Fornecedores e Parceiros\t\t\t\t\t\t\t\t<\/div>\n\t\t\t\t<\/div>\n\t\t\t\t<\/div>\n\t\t\t\t\t<\/div>\n\t\t\t\t<\/div>\n\t\t<div class=\"elementor-element elementor-element-7824eff9 e-flex e-con-boxed e-con e-parent\" data-id=\"7824eff9\" data-element_type=\"container\">\n\t\t\t\t\t<div class=\"e-con-inner\">\n\t\t\t\t<div class=\"elementor-element elementor-element-1da7fd3 elementor-widget elementor-widget-text-editor\" data-id=\"1da7fd3\" data-element_type=\"widget\" data-widget_type=\"text-editor.default\">\n\t\t\t\t<div class=\"elementor-widget-container\">\n\t\t\t\t\t\t\t\t\t<strong>I. Introdu\u00e7\u00e3o e escopo<\/strong> \n<br>\nA SGP &#8211; Solu\u00e7\u00f5es em Gest\u00e3o P\u00fablica tem o compromisso de processar dados pessoais de forma respons\u00e1vel e em conformidade com as leis de prote\u00e7\u00e3o de dados aplic\u00e1veis em todos os pa\u00edses nos quais opera.\nEste Termo de Privacidade para Clientes, Fornecedores e Parceiros de Neg\u00f3cios descreve os tipos de dados pessoais que a SGP &#8211; Solu\u00e7\u00f5es em Gest\u00e3o P\u00fablica faz tratamento e como a SGP &#8211; Solu\u00e7\u00f5es em Gest\u00e3o P\u00fablica usa os dados pessoais, com quem a SGP &#8211; Solu\u00e7\u00f5es em Gest\u00e3o P\u00fablica compartilha os dados pessoais e os direitos que voc\u00ea, como titular dos dados, tem em rela\u00e7\u00e3o ao uso dos dados pessoais pela SGP &#8211; Solu\u00e7\u00f5es em Gest\u00e3o P\u00fablica.\nEste Termo tamb\u00e9m descreve como voc\u00ea pode nos contatar sobre nossas pr\u00e1ticas de prote\u00e7\u00e3o de dados.<br><br>\n<strong>II. Informa\u00e7\u00f5es de Contato\nA SGP<\/strong>\n<br>\nSolu\u00e7\u00f5es em Gest\u00e3o P\u00fablica nomeou como DPO um colaborador respons\u00e1vel pela prote\u00e7\u00e3o dos dados pessoais, podendo ser contatado no endere\u00e7o de e-mail: valdir.moda@sgpsolucoes.com.br.\nO DPO \u00e9 respons\u00e1vel por aceitar reclama\u00e7\u00f5es e comunica\u00e7\u00f5es dos titulares dos dados em rela\u00e7\u00e3o aos dados pessoais, prestar esclarecimentos, receber comunica\u00e7\u00f5es da Autoridade Nacional de Prote\u00e7\u00e3o de Dados &#8211; ANPD.<br><br>\n<strong>III. Dados Pessoais Tratados<\/strong> \n<br>\nO fornecimento de dados pessoais \u00e9 um requisito necess\u00e1rio para as rela\u00e7\u00f5es entre a SGP &#8211; Solu\u00e7\u00f5es em Gest\u00e3o P\u00fablica, Clientes, Fornecedores e Parceiros de Neg\u00f3cio. Os dados pessoais tratados limitam-se aos dados necess\u00e1rios para cumprir a finalidade para a qual tais dados pessoais s\u00e3o coletados.<br>\n<strong>1. Clientes, Fornecedores e Parceiros de Neg\u00f3cios<\/strong> \n<br>\nA SGP &#8211; Solu\u00e7\u00f5es em Gest\u00e3o P\u00fablica poder\u00e1 tratar os seguintes dados pessoais: nome, endere\u00e7o, n\u00famero de telefone residencial, n\u00famero de celular, endere\u00e7o de e-mail, Registro Geral, Cadastro de Pessoas F\u00edsicas, informa\u00e7\u00f5es banc\u00e1rias, genero, idade, data e local de nascimento, nacionalidade, ocupa\u00e7\u00e3o, cargo, endere\u00e7o postal comercial, n\u00famero de telefone comercial, n\u00famero de fax comercial, endere\u00e7o de e- mail comercial, n\u00famero da placa do carro, carteira de motorista, fotos e v\u00eddeos.<br>\n<strong>2. Candidato a vaga de emprego<br><\/strong> \nA SGP &#8211; Solu\u00e7\u00f5es em Gest\u00e3o P\u00fablica poder\u00e1 tratar os seguintes dados pessoais: nome completo, g\u00eanero, endere\u00e7o completo, n\u00famero de telefone e celular, endere\u00e7o de e-mail, informa\u00e7\u00f5es banc\u00e1rias, profiss\u00e3o e data de nascimento.\nA SGP &#8211; Solu\u00e7\u00f5es em Gest\u00e3o P\u00fablica n\u00e3o coletar\u00e1 dados pessoais se tal coleta for proibida pelas leis de prote\u00e7\u00e3o de dados aplic\u00e1veis.\n<br><br>\n<strong>IV. Finalidades do processamento de dados e base legal<\/strong> \n<br>\nO tratamento dos dados pessoais ser\u00e1 realizado de acordo com as leis de prote\u00e7\u00e3o de dados aplic\u00e1veis, apenas para fins limitados, expl\u00edcitos e leg\u00edtimos e com as disposi\u00e7\u00f5es estabelecidas neste Termo de Privacidade.\nOs dados pessoais ser\u00e3o tratados pelas raz\u00f5es e bases legais descritas abaixo, a fim de cumprir com as obriga\u00e7\u00f5es assumidas pela SGP &#8211; Solu\u00e7\u00f5es em Gest\u00e3o P\u00fablica, resultantes da legisla\u00e7\u00e3o aplic\u00e1vel e obriga\u00e7\u00f5es legais.<br>\n<strong>1. Clientes &#8211; Dados Pessoais<\/strong> \n<br>\nO tratamento dos dados pessoais ser\u00e1 realizado de acordo com as leis de prote\u00e7\u00e3o de dados aplic\u00e1veis, apenas para fins limitados, expl\u00edcitos e leg\u00edtimos e com as disposi\u00e7\u00f5es estabelecidas neste Termo de Privacidade.\nOs dados pessoais ser\u00e3o tratados pelas raz\u00f5es e bases legais descritas abaixo, a fim de cumprir com as obriga\u00e7\u00f5es assumidas pela SGP &#8211; Solu\u00e7\u00f5es em Gest\u00e3o P\u00fablica, resultantes da legisla\u00e7\u00e3o aplic\u00e1vel e obriga\u00e7\u00f5es legais.\n<br>\nFinalidade Base Legal\n<br>\nGerenciar relacionamentos comerciais, atendimento de pedidos, pagamento e faturamento de bens e servi\u00e7os, contatando o cliente. \ud83d\udcd3 Obriga\u00e7\u00e3o contratual, Interesse leg\u00edtimo.<br>\n \nRealizar opera\u00e7\u00f5es promocionais, marketing direto para promover a posi\u00e7\u00e3o da SGP &#8211; Solu\u00e7\u00f5es em Gest\u00e3o P\u00fablica no mercado. \ud83d\udcd3 Interesse leg\u00edtimo, Consentimento.<br>\n \nDetectar e prevenir fraude para garantir a seguran\u00e7a e integridade da SGP &#8211; Solu\u00e7\u00f5es em Gest\u00e3o P\u00fablica. \ud83d\udcd3 Cumprimento de obriga\u00e7\u00e3o legal, Exerc\u00edcio regular de direitos, Interesse leg\u00edtimo\n<br>\nGarantir a seguran\u00e7a e integridade da SGP &#8211; Solu\u00e7\u00f5es em Gest\u00e3o P\u00fablica e dos indiv\u00edduos. \ud83d\udcd3 Para a prote\u00e7\u00e3o da vida ou incolumidade f\u00edsica do titular ou de Terceiro.\n <br>\nResponder os procedimentos legais ou de \u00f3rg\u00e3os administrativos\/entidades reguladoras. Cumprir as obriga\u00e7\u00f5es legais e\/ou investiga\u00e7\u00f5es regulat\u00f3rias, auxiliando a SGP &#8211; Solu\u00e7\u00f5es em Gest\u00e3o P\u00fablica no contexto de qualquer lit\u00edgio ou arbitragem e protegendo a SGP &#8211; Solu\u00e7\u00f5es em Gest\u00e3o P\u00fablica contra les\u00f5es, roubo, responsabilidade legal, fraude, abuso ou outra conduta impr\u00f3pria. \ud83d\udcd3 Cumprimento de obriga\u00e7\u00e3o contratual, Interesse leg\u00edtimo.\n <br>\nGerenciar transa\u00e7\u00f5es da SGP &#8211; Solu\u00e7\u00f5es em Gest\u00e3o P\u00fablica (por exemplo, fus\u00e3o ou aquisi\u00e7\u00e3o) para conduzir negocia\u00e7\u00f5es comerciais da SGP &#8211; Solu\u00e7\u00f5es em Gest\u00e3o P\u00fablica. \ud83d\udcd3 Cumprimento de obriga\u00e7\u00e3o legal e regulat\u00f3ria,\n <br>\nGerenciar as opera\u00e7\u00f5es da SGP &#8211; Solu\u00e7\u00f5es em Gest\u00e3o P\u00fablica, incluindo a opera\u00e7\u00e3o e monitoramento do bom funcionamento e seguran\u00e7a dos sistemas de TI da SGP &#8211; Solu\u00e7\u00f5es em Gest\u00e3o P\u00fablica para garantir sua prote\u00e7\u00e3o e seguran\u00e7a. \ud83d\udcd3 Cumprimento de obriga\u00e7\u00e3o contratual, Interesse leg\u00edtimo.\n <br>\nGerenciar incidentes de sa\u00fade e seguran\u00e7a. \ud83d\udcd3Para a prote\u00e7\u00e3o da vida ou da incolumidade f\u00edsica do titular ou de Terceiro e Cumprimento de obriga\u00e7\u00e3o legal e regulat\u00f3ria\n <br>\nGerenciar entregas e remessas de produtos para administrar os neg\u00f3cios da SGP &#8211; Solu\u00e7\u00f5es em Gest\u00e3o P\u00fablica, entregar e melhorar seus produtos ou servi\u00e7os. \ud83d\udcd3 Interesse leg\u00edtimo.\n <br>\nCompreender e avaliar os interesses, desejos e necessidades dos titulares dos dados para atualiza\u00e7\u00e3o de websites, bem como o desenvolvimento de novos produtos e servi\u00e7os. \ud83d\udcd3 Interesse leg\u00edtimo.<br><br>\n<strong>1. Clientes &#8211; Dados Pessoais Sens\u00edveis<\/strong> \n <br>\nFinalidade e \ud83d\udcd3 Base Legal\n <br>\nPara que a SGP &#8211; Solu\u00e7\u00f5es em Gest\u00e3o P\u00fablica possa complementar a an\u00e1lise f\u00edsico-qu\u00edmica do produto quando identificado algum tipo de desvio. \ud83d\udcd3 Prote\u00e7\u00e3o da vida ou da incolumidade f\u00edsica do titular ou de Terceiro; e Cumprimento de obriga\u00e7\u00e3o legal e regulat\u00f3ria.<br><br>\n\n<strong>IV. Finalidades do processamento de dados e base legal<br><\/strong> \nO tratamento dos dados pessoais ser\u00e1 realizado de acordo com as leis de prote\u00e7\u00e3o de dados aplic\u00e1veis, apenas para fins limitados, expl\u00edcitos e leg\u00edtimos e com as disposi\u00e7\u00f5es estabelecidas neste Termo de Privacidade.\nOs dados pessoais ser\u00e3o tratados pelas raz\u00f5es e bases legais descritas abaixo, a fim de cumprir com as obriga\u00e7\u00f5es assumidas pela SGP &#8211; Solu\u00e7\u00f5es em Gest\u00e3o P\u00fablica, resultantes da legisla\u00e7\u00e3o aplic\u00e1vel e obriga\u00e7\u00f5es legais.<br><br>\n<strong>2. Fornecedores e Parceiros de Neg\u00f3cios &#8211; Dados Pessoais<\/strong> \n <br>\nFinalidade e \ud83d\udcd3 Base Legal\n <br>\nAnalisar o cadastro do indiv\u00edduo perante \u00f3rg\u00e3os federais e estaduais, e outras autoridades competentes. \ud83d\udcd3 Cumprimento de obriga\u00e7\u00e3o legal e regulat\u00f3ria, Interesse leg\u00edtimo.\n <br>\nGerenciar relacionamentos comerciais, atendimento de pedidos, pagamento e faturamento de bens e servi\u00e7os, contatando o Fornecedor ou Parceiro de Neg\u00f3cio. \ud83d\udcd3 Obriga\u00e7\u00e3o contratual, Interesse Leg\u00edtimo.\n <br>\nRealizar opera\u00e7\u00f5es promocionais, marketing direto para promover a posi\u00e7\u00e3o da SGP &#8211; Solu\u00e7\u00f5es em Gest\u00e3o P\u00fablica no mercado. \ud83d\udcd3 Interesse leg\u00edtimo, Consentimento.\n <br>\nDetectar e prevenir fraude para garantir a seguran\u00e7a e integridade da SGP &#8211; Solu\u00e7\u00f5es em Gest\u00e3o P\u00fablica. \ud83d\udcd3 Interesse leg\u00edtimo.\n <br>\nGarantir a seguran\u00e7a e integridade da SGP &#8211; Solu\u00e7\u00f5es em Gest\u00e3o P\u00fablica e dos indiv\u00edduos. \ud83d\udcd3 Para a prote\u00e7\u00e3o da vida ou incolumidade f\u00edsica do titular ou de Terceiro.\n <br>\nResponder os procedimentos legais ou de \u00f3rg\u00e3os administrativos\/entidades reguladoras. Cumprir as obriga\u00e7\u00f5es legais e \/ ou investiga\u00e7\u00f5es regulat\u00f3rias, auxiliando a SGP &#8211; Solu\u00e7\u00f5es em Gest\u00e3o P\u00fablica no contexto de qualquer lit\u00edgio ou arbitragem e protegendo a SGP &#8211; Solu\u00e7\u00f5es em Gest\u00e3o P\u00fablica contra les\u00f5es, roubo, responsabilidade legal, fraude, abuso ou outra conduta impr\u00f3pria. \ud83d\udcd3 Cumprimento de obriga\u00e7\u00e3o legal, Exerc\u00edcio regular de direitos, Interesse leg\u00edtimo.\n <br>\nGerenciar transa\u00e7\u00f5es da SGP &#8211; Solu\u00e7\u00f5es em Gest\u00e3o P\u00fablica (por exemplo, fus\u00e3o ou aquisi\u00e7\u00e3o) para conduzir negocia\u00e7\u00f5es comerciais da SGP &#8211; Solu\u00e7\u00f5es em Gest\u00e3o P\u00fablica. \ud83d\udcd3 Cumprimento de obriga\u00e7\u00e3o legal e regulat\u00f3ria, Cumprimento de obriga\u00e7\u00e3o contratual, Interesse leg\u00edtimo.\n <br>\nGerenciar as opera\u00e7\u00f5es da SGP &#8211; Solu\u00e7\u00f5es em Gest\u00e3o P\u00fablica, incluindo a opera\u00e7\u00e3o e monitoramento do bom funcionamento e seguran\u00e7a dos sistemas de TI da SGP &#8211; Solu\u00e7\u00f5es em Gest\u00e3o P\u00fablica para garantir sua prote\u00e7\u00e3o e seguran\u00e7a. \ud83d\udcd3 Interesse leg\u00edtimo.\n <br>\nGerenciar incidentes de sa\u00fade e seguran\u00e7a. \ud83d\udcd3 Para a prote\u00e7\u00e3o da vida ou incolumidade f\u00edsica do titular ou de Terceiro.\n <br>\nGerenciar entregas e remessas de produtos para administrar os neg\u00f3cios da SGP &#8211; Solu\u00e7\u00f5es em Gest\u00e3o P\u00fablica, entregar e melhorar seus produtos ou servi\u00e7os. \ud83d\udcd3 Cumprimento de obriga\u00e7\u00e3o contratual, Interesse leg\u00edtimo.\n <br>\nCompreender e avaliar os interesses, desejos e necessidades dos titulares dos dados para atualiza\u00e7\u00e3o de websites, bem como o desenvolvimento de novos produtos e servi\u00e7os. \ud83d\udcd3 Interesse leg\u00edtimo.\nA SGP &#8211; Solu\u00e7\u00f5es em Gest\u00e3o P\u00fablica garante que os procedimentos de governan\u00e7a interna especifiquem claramente os motivos de tratamento de dados pessoais. Antes de usar seus dados pessoais para uma finalidade diferente daquela para a qual foram inicialmente coletados, voc\u00ea ser\u00e1 informado sobre essa nova finalidade.\n<br><br>\n<strong>V. Compartilhamento de Dados<\/strong> \n<br>\nEm conex\u00e3o com as atividades descritas na Se\u00e7\u00e3o IV, a SGP &#8211; Solu\u00e7\u00f5es em Gest\u00e3o P\u00fablica pode precisar, de tempos em tempos, divulgar ou disponibilizar dados pessoais a prestadores de servi\u00e7os terceirizados relevantes (por exemplo, prestadores de servi\u00e7os de gest\u00e3o de relacionamento com clientes \/ fornecedores, consultores profissionais), parceiros de neg\u00f3cios da SGP &#8211; Solu\u00e7\u00f5es em Gest\u00e3o P\u00fablica, autoridades regulat\u00f3rias, \u00f3rg\u00e3os governamentais e compradores potenciais da SGP &#8211; Solu\u00e7\u00f5es em Gest\u00e3o P\u00fablica ou de um neg\u00f3cio da SGP &#8211; Solu\u00e7\u00f5es em Gest\u00e3o P\u00fablica.\nA SGP &#8211; Solu\u00e7\u00f5es em Gest\u00e3o P\u00fablica somente conceder\u00e1 acesso aos dados pessoais quando necess\u00e1rio e esse acesso ser\u00e1 limitado aos dados pessoais necess\u00e1rios para a finalidade para a qual o acesso foi concedido.\nA autoriza\u00e7\u00e3o para acessar dados pessoais estar\u00e1 sempre vinculada \u00e0 finalidade, de forma que nenhuma autoriza\u00e7\u00e3o ser\u00e1 estendida para acessar dados pessoais em car\u00e1ter pessoal. Os prestadores de servi\u00e7os somente receber\u00e3o dados pessoais de acordo com os fins do contrato de servi\u00e7o com a SGP &#8211; Solu\u00e7\u00f5es em Gest\u00e3o P\u00fablica.\n<br><br>\n<strong>VI. Reten\u00e7\u00e3o de Dados Pessoais\nA SGP<\/strong> \n<br>\nSolu\u00e7\u00f5es em Gest\u00e3o P\u00fablica n\u00e3o reter\u00e1 os dados pessoais dos titulares por mais tempo do que o necess\u00e1rio para os fins a que foram coletados ou de outra forma tratados, conforme estabelecido neste Termo e para os quais a SGP &#8211; Solu\u00e7\u00f5es em Gest\u00e3o P\u00fablica tenha uma base legal v\u00e1lida. Em qualquer caso, n\u00e3o o reteremos por mais tempo do que o permitido pelos per\u00edodos de reten\u00e7\u00e3o legais locais.<br>\nNo caso de a SGP &#8211; Solu\u00e7\u00f5es em Gest\u00e3o P\u00fablica estar envolvida em quaisquer reivindica\u00e7\u00f5es legais, temos o direito de continuar a processar seus dados pessoais que sejam relevantes para tais reivindica\u00e7\u00f5es, sujeito aos requisitos de reten\u00e7\u00e3o locais aplic\u00e1veis.<br><br>\n\n<strong>VII. Direitos dos Titulares dos Dados<\/strong> \n<br>\nOs titulares dos dados possuem os seguintes direitos:<br>\n1. Confirmar a exist\u00eancia do tratamento dos dados;<br>\n2. Acessar os dados compartilhados;<br>\n3. Corrigir dados incompletos, imprecisos ou desatualizados;<br>\n4. Bloquear, eliminar ou anonimizar os dados desnecess\u00e1rios, excessivos ou tratados em desconformidade com a LGPD;<br>\n5. Realizar a portabilidade dos dados para outro fornecedor de servi\u00e7os ou produtos, mediante requisi\u00e7\u00e3o expressa, de acordo com a regulamenta\u00e7\u00e3o da Autoridade Nacional, observados os segredos comercial e industrial;<br>\n6. Eliminar os dados pessoais processados com o consentimento do Titular dos Dados, ressalvadas as hip\u00f3teses de guarda para cumprimento de obriga\u00e7\u00e3o legal ou regulat\u00f3ria;<br>\n7. Informar a respeito do uso compartilhado de dados pessoais com as entidades p\u00fablicas e privadas com as quais a SGP &#8211; Solu\u00e7\u00f5es em Gest\u00e3o P\u00fablica compartilhou dados;<br>\n8. Informar sobre a possibilidade de n\u00e3o fornecer consentimento e sobre as consequ\u00eancias da negativa;<br>\n9. Possibilidade de revogar o consentimento, por meio de um procedimento gratuito e facilitado;<br>\n10. Realizar a oposi\u00e7\u00e3o ao processamento se houver descumprimento das disposi\u00e7\u00f5es da LGPD;\n<br><br>\n<strong>VIII. Contato do Encarregado da Prote\u00e7\u00e3o de Dados Pessoais &#8211; DPO<\/strong> \n<br>\nMonitorar e garantir a conformidade do tratamento de dados pessoais na SGP &#8211; Solu\u00e7\u00f5es em Gest\u00e3o P\u00fablica com este Termo e as leis de prote\u00e7\u00e3o de dados aplic\u00e1veis \u00e9 responsabilidade do DPO.\nConforme mencionado acima, o titular dos dados pode entrar em contato com o DPO para quest\u00f5es relacionadas ao tratamento de seus dados pessoais e para exercer seus direitos conforme mencionado no item VII.\n<br><br>\n<strong>IX. Diversos<\/strong> \n<br>\nEsta Pol\u00edtica de Privacidade bem como os demais documentos que a complementam encontra-se dispon\u00edveis para consulta no site da SGP &#8211; Solu\u00e7\u00f5es em Gest\u00e3o P\u00fablica, e em caso de indisponibilidade, podem ser solicitados ao DPO.\n\t\t\t\t\t\t\t\t<\/div>\n\t\t\t\t<\/div>\n\t\t\t\t<div class=\"elementor-element elementor-element-7cefe21 elementor-widget elementor-widget-text-editor\" data-id=\"7cefe21\" data-element_type=\"widget\" data-widget_type=\"text-editor.default\">\n\t\t\t\t<div class=\"elementor-widget-container\">\n\t\t\t\t\t\t\t\t\tANPD &#8211; Autoridade Nacional de Prote\u00e7\u00e3o de Dados.<br>\nDPO &#8211; Data Protection Officer &#8211; Encarregado da Prote\u00e7\u00e3o de Dados.<br>\nLGPD &#8211; Lei Geral de Prote\u00e7\u00e3o de Dados.<br><br>\n\nEste Termo de Consentimento da Privacidade foi revisado em 15 de Dezembro de 2021.\n\t\t\t\t\t\t\t\t<\/div>\n\t\t\t\t<\/div>\n\t\t\t\t\t<\/div>\n\t\t\t\t<\/div>\n\t\t\t\t<\/div>\n\t\t\n    <div class=\"xs_social_share_widget xs_share_url after_content \t\tmain_content  wslu-style-1 wslu-share-box-shaped wslu-fill-colored wslu-none wslu-share-horizontal wslu-theme-font-no wslu-main_content\">\n\n\t\t\n        <ul>\n\t\t\t        <\/ul>\n    <\/div> \n","protected":false},"excerpt":{"rendered":"<p>Termo de Consentimento para Clientes, Fornecedores e ParceirosI. Introdu\u00e7\u00e3o e escopo A SGP &#8211; Solu\u00e7\u00f5es em Gest\u00e3o P\u00fablica tem o compromisso de processar dados pessoais de forma respons\u00e1vel e em conformidade com as leis de prote\u00e7\u00e3o de dados aplic\u00e1veis em todos os pa\u00edses nos quais opera. Este Termo de Privacidade para Clientes, Fornecedores e Parceiros [&hellip;]<\/p>\n","protected":false},"author":3,"featured_media":0,"parent":0,"menu_order":0,"comment_status":"closed","ping_status":"closed","template":"elementor_header_footer","meta":{"postBodyCss":"","postBodyMargin":[],"postBodyPadding":[],"postBodyBackground":{"backgroundType":"classic","gradient":""},"_price":"","_stock":"","_tribe_ticket_header":"","_tribe_default_ticket_provider":"","_tribe_ticket_capacity":"0","_ticket_start_date":"","_ticket_end_date":"","_tribe_ticket_show_description":"","_tribe_ticket_show_not_going":false,"_tribe_ticket_use_global_stock":"","_tribe_ticket_global_stock_level":"","_global_stock_mode":"","_global_stock_cap":"","_tribe_rsvp_for_event":"","_tribe_ticket_going_count":"","_tribe_ticket_not_going_count":"","_tribe_tickets_list":"[]","_tribe_ticket_has_attendee_info_fields":false,"footnotes":"","_tec_slr_enabled":"","_tec_slr_layout":""},"class_list":["post-2099","page","type-page","status-publish","hentry"],"acf":[],"ticketed":false,"_links":{"self":[{"href":"https:\/\/sgpsolucoes.com.br\/site\/wp-json\/wp\/v2\/pages\/2099"}],"collection":[{"href":"https:\/\/sgpsolucoes.com.br\/site\/wp-json\/wp\/v2\/pages"}],"about":[{"href":"https:\/\/sgpsolucoes.com.br\/site\/wp-json\/wp\/v2\/types\/page"}],"author":[{"embeddable":true,"href":"https:\/\/sgpsolucoes.com.br\/site\/wp-json\/wp\/v2\/users\/3"}],"replies":[{"embeddable":true,"href":"https:\/\/sgpsolucoes.com.br\/site\/wp-json\/wp\/v2\/comments?post=2099"}],"version-history":[{"count":0,"href":"https:\/\/sgpsolucoes.com.br\/site\/wp-json\/wp\/v2\/pages\/2099\/revisions"}],"wp:attachment":[{"href":"https:\/\/sgpsolucoes.com.br\/site\/wp-json\/wp\/v2\/media?parent=2099"}],"curies":[{"name":"wp","href":"https:\/\/api.w.org\/{rel}","templated":true}]}}