{"id":17726,"date":"2026-03-17T10:15:31","date_gmt":"2026-03-17T13:15:31","guid":{"rendered":"https:\/\/sgpsolucoes.com.br\/site\/?post_type=product&#038;p=17726"},"modified":"2026-03-25T06:36:25","modified_gmt":"2026-03-25T09:36:25","slug":"11-e-12-05-emendas-impositivas-da-indicacao-a-prestacao-de-contas","status":"publish","type":"product","link":"https:\/\/sgpsolucoes.com.br\/site\/produto\/11-e-12-05-emendas-impositivas-da-indicacao-a-prestacao-de-contas\/","title":{"rendered":"11 e 12\/05 &#8211; Emendas Impositivas &#8211; Da indica\u00e7\u00e3o \u00e0 Presta\u00e7\u00e3o de Contas"},"content":{"rendered":"<p><strong>SGP On-line &#8211; Dia 11 e 12 de Maio de 2026<\/strong><br \/>\n<strong>Carga hor\u00e1ria:<\/strong> 8 horas ( Divididos em 2 dias de 4h )<br \/>\n<strong>Hor\u00e1rio do Curso :<\/strong> das 08h30 \u00e0s 12h30<\/p>\n<p><strong>Professor confirmado no evento:<\/strong> Luciano Aparecido de Lima<\/p>\n<p><strong>Objetivo:\u00a0<\/strong>Capacitar os participantes para compreender e aplicar integralmente o regime jur\u00eddico das emendas impositivas no Brasil, com foco nas etapas de <strong>indica\u00e7\u00e3o, execu\u00e7\u00e3o e presta\u00e7\u00e3o de contas<\/strong>, considerando as especificidades legais em \u00e2mbito <strong>federal, estadual (S\u00e3o Paulo) e municipal<\/strong>.<\/p>\n<p><strong>P\u00fablico-alvo:<\/strong><\/p>\n<ul>\n<li>Este curso \u00e9 destinado a:\n<ul>\n<li>Servidores p\u00fablicos das \u00e1reas de or\u00e7amento, finan\u00e7as, planejamento e controladoria;<\/li>\n<li>Analistas, t\u00e9cnicos legislativos e assessores parlamentares;<\/li>\n<li>Gestores respons\u00e1veis por execu\u00e7\u00e3o or\u00e7ament\u00e1ria e financeira;<\/li>\n<li>Profissionais de controle interno e externos;<\/li>\n<li>Consultores e advogados p\u00fablicos que atuam na \u00e1rea or\u00e7ament\u00e1ria;<\/li>\n<li>Gestores e equipes municipais que lidam com emendas parlamentares.<\/li>\n<\/ul>\n<\/li>\n<\/ul>\n\n    <div class=\"xs_social_share_widget xs_share_url after_content \t\tmain_content  wslu-style-1 wslu-share-box-shaped wslu-fill-colored wslu-none wslu-share-horizontal wslu-theme-font-no wslu-main_content\">\n\n\t\t\n        <ul>\n\t\t\t        <\/ul>\n    <\/div> \n","protected":false},"excerpt":{"rendered":"<p><strong>Conte\u00fado Program\u00e1tico Resumido<\/strong><\/p>\n<p><strong>M\u00f3dulo 1 \u2013 Introdu\u00e7\u00e3o \u00e0s Emendas Impositivas<\/strong><\/p>\n<p>\u2013 Conceito e natureza das emendas parlamentares.<br \/>\n\u2013 Diferen\u00e7a entre emenda autorizativa e impositiva no or\u00e7amento.<br \/>\n\u2013 Relev\u00e2ncia do instrumento para participa\u00e7\u00e3o do Legislativo.<\/p>\n<p><strong>M\u00f3dulo 2 \u2013 Legisla\u00e7\u00e3o Federal Aplic\u00e1vel<\/strong><\/p>\n<p>\u2013 Constitui\u00e7\u00e3o Federal e emendas (art. 166 e par\u00e1grafos aplic\u00e1veis).<br \/>\n\u2013 Emenda Constitucional n\u00ba 86\/2015 e Emenda Constitucional n\u00ba 100\/2019 (or\u00e7amento impositivo e amplia\u00e7\u00e3o da impositividade).<br \/>\n\u2013 Lei Complementar n\u00ba 101\/2000 \u2013 Lei de Responsabilidade Fiscal (princ\u00edpios, transpar\u00eancia e limites).<br \/>\n\u2013 Tipos de emendas: individuais, de bancada, de comiss\u00f5es e demais categorias previstas.<\/p>\n<p><strong>M\u00f3dulo 3 \u2013 Ciclo Or\u00e7ament\u00e1rio e Inser\u00e7\u00e3o das Emendas<\/strong><\/p>\n<p>\u2013 PPA, LDO e LOA: fases e integra\u00e7\u00e3o das emendas.<br \/>\n\u2013 Composi\u00e7\u00e3o do or\u00e7amento e compatibilidade com planejamento.<br \/>\n\u2013 Prazos, limites e compatibiliza\u00e7\u00e3o t\u00e9cnico-or\u00e7ament\u00e1ria.<\/p>\n<p>Quer o Conte\u00fado Program\u00e1tico Completo? <span style=\"color: #0000ff;\"><a style=\"color: #0000ff;\" href=\"https:\/\/sgpsolucoes.com.br\/site\/solicitacao-do-conteudo-programatico-completo\/\" target=\"_blank\" rel=\"noopener\">Clique aqui<\/a><\/span> para solicitar!<\/p>\n<p>&nbsp;<\/p>\n","protected":false},"featured_media":17727,"comment_status":"open","ping_status":"closed","template":"","meta":{"postBodyCss":"","postBodyMargin":[],"postBodyPadding":[],"postBodyBackground":{"backgroundType":"classic","gradient":""},"_price":"1480.00","_stock":"","_tribe_ticket_header":"","_tribe_default_ticket_provider":"","_tribe_ticket_capacity":"0","_ticket_start_date":"","_ticket_end_date":"","_tribe_ticket_show_description":"","_tribe_ticket_show_not_going":false,"_tribe_ticket_use_global_stock":"","_tribe_ticket_global_stock_level":"","_global_stock_mode":"","_global_stock_cap":"","_tribe_rsvp_for_event":"","_tribe_ticket_going_count":"","_tribe_ticket_not_going_count":"","_tribe_tickets_list":"[]","_tribe_ticket_has_attendee_info_fields":false},"product_brand":[],"product_cat":[36,1324],"product_tag":[],"class_list":{"0":"post-17726","1":"product","2":"type-product","3":"status-publish","4":"has-post-thumbnail","6":"product_cat-treinamentos","7":"product_cat-maio-online","9":"first","10":"instock","11":"sale","12":"virtual","13":"purchasable","14":"product-type-simple"},"acf":[],"_links":{"self":[{"href":"https:\/\/sgpsolucoes.com.br\/site\/wp-json\/wp\/v2\/product\/17726"}],"collection":[{"href":"https:\/\/sgpsolucoes.com.br\/site\/wp-json\/wp\/v2\/product"}],"about":[{"href":"https:\/\/sgpsolucoes.com.br\/site\/wp-json\/wp\/v2\/types\/product"}],"replies":[{"embeddable":true,"href":"https:\/\/sgpsolucoes.com.br\/site\/wp-json\/wp\/v2\/comments?post=17726"}],"wp:featuredmedia":[{"embeddable":true,"href":"https:\/\/sgpsolucoes.com.br\/site\/wp-json\/wp\/v2\/media\/17727"}],"wp:attachment":[{"href":"https:\/\/sgpsolucoes.com.br\/site\/wp-json\/wp\/v2\/media?parent=17726"}],"wp:term":[{"taxonomy":"product_brand","embeddable":true,"href":"https:\/\/sgpsolucoes.com.br\/site\/wp-json\/wp\/v2\/product_brand?post=17726"},{"taxonomy":"product_cat","embeddable":true,"href":"https:\/\/sgpsolucoes.com.br\/site\/wp-json\/wp\/v2\/product_cat?post=17726"},{"taxonomy":"product_tag","embeddable":true,"href":"https:\/\/sgpsolucoes.com.br\/site\/wp-json\/wp\/v2\/product_tag?post=17726"}],"curies":[{"name":"wp","href":"https:\/\/api.w.org\/{rel}","templated":true}]}}

11 e 12/05 &#8211; Emendas Impositivas &#8211; Da indicação à Prestação de Contas

<p><strong>SGP On-line &#8211; Dia 11 e 12 de Maio de 2026</strong><br />
<strong>Carga horária:</strong> 8 horas ( Divididos em 2 dias de 4h )<br />
<strong>Horário do Curso :</strong> das 08h30 às 12h30</p>
<p><strong>Professor confirmado no evento:</strong> Luciano Aparecido de Lima</p>
<p><strong>Objetivo: </strong>Capacitar os participantes para compreender e aplicar integralmente o regime jurídico das emendas impositivas no Brasil, com foco nas etapas de <strong>indicação, execução e prestação de contas</strong>, considerando as especificidades legais em âmbito <strong>federal, estadual (São Paulo) e municipal</strong>.</p>
<p><strong>Público-alvo:</strong></p>
<ul>
<li>Este curso é destinado a:
<ul>
<li>Servidores públicos das áreas de orçamento, finanças, planejamento e controladoria;</li>
<li>Analistas, técnicos legislativos e assessores parlamentares;</li>
<li>Gestores responsáveis por execução orçamentária e financeira;</li>
<li>Profissionais de controle interno e externos;</li>
<li>Consultores e advogados públicos que atuam na área orçamentária;</li>
<li>Gestores e equipes municipais que lidam com emendas parlamentares.</li>
</ul>
</li>
</ul>

    <div class="xs_social_share_widget xs_share_url after_content 		main_content  wslu-style-1 wslu-share-box-shaped wslu-fill-colored wslu-none wslu-share-horizontal wslu-theme-font-no wslu-main_content">

		
        <ul>
			        </ul>
    </div>

<p><strong>Conteúdo Programático Resumido</strong></p>
<p><strong>Módulo 1 – Introdução às Emendas Impositivas</strong></p>
<p>– Conceito e natureza das emendas parlamentares.<br />
– Diferença entre emenda autorizativa e impositiva no orçamento.<br />
– Relevância do instrumento para participação do Legislativo.</p>
<p><strong>Módulo 2 – Legislação Federal Aplicável</strong></p>
<p>– Constituição Federal e emendas (art. 166 e parágrafos aplicáveis).<br />
– Emenda Constitucional nº 86/2015 e Emenda Constitucional nº 100/2019 (orçamento impositivo e ampliação da impositividade).<br />
– Lei Complementar nº 101/2000 – Lei de Responsabilidade Fiscal (princípios, transparência e limites).<br />
– Tipos de emendas: individuais, de bancada, de comissões e demais categorias previstas.</p>
<p><strong>Módulo 3 – Ciclo Orçamentário e Inserção das Emendas</strong></p>
<p>– PPA, LDO e LOA: fases e integração das emendas.<br />
– Composição do orçamento e compatibilidade com planejamento.<br />
– Prazos, limites e compatibilização técnico-orçamentária.</p>
<p>Quer o Conteúdo Programático Completo? <span style="color: #0000ff;"><a style="color: #0000ff;" href="https://sgpsolucoes.com.br/site/solicitacao-do-conteudo-programatico-completo/" target="_blank" rel="noopener">Clique aqui</a></span> para solicitar!</p>
<p>&nbsp;</p>
