{"id":17796,"date":"2026-03-19T10:32:25","date_gmt":"2026-03-19T13:32:25","guid":{"rendered":"https:\/\/sgpsolucoes.com.br\/site\/?post_type=product&#038;p=17796"},"modified":"2026-04-17T19:57:27","modified_gmt":"2026-04-17T22:57:27","slug":"07-e-08-05-lei-anticorrupcao-e-compliance-municipal","status":"publish","type":"product","link":"https:\/\/sgpsolucoes.com.br\/site\/produto\/07-e-08-05-lei-anticorrupcao-e-compliance-municipal\/","title":{"rendered":"07 e 08\/05 &#8211; Lei Anticorrup\u00e7\u00e3o e Compliance Municipal"},"content":{"rendered":"<p><strong>SGP On-line &#8211; Dias 07 e 08 de Maio de 2026<\/strong><br \/>\n<strong>Carga hor\u00e1ria:<\/strong> 8 horas ( Divididos em 2 dias de 4h )<br \/>\n<strong>Hor\u00e1rio do Curso :<\/strong> das 08h30 \u00e0s 12h30<\/p>\n<p><strong>Professor confirmado no evento:<\/strong> Renee \u00d3 de Souza<\/p>\n<p><strong>Objetivo:<\/strong><\/p>\n<p>Capacitar servidores p\u00fablicos municipais para compreender e aplicar os fundamentos da Lei Anticorrup\u00e7\u00e3o, com \u00eanfase na estrutura\u00e7\u00e3o e execu\u00e7\u00e3o de programas de <em>compliance<\/em> e integridade voltados \u00e0 preven\u00e7\u00e3o de il\u00edcitos e \u00e0 melhoria da gest\u00e3o p\u00fablica local.<\/p>\n<p><strong>P\u00fablico-alvo:<\/strong><\/p>\n<ul>\n<li>Este curso \u00e9 destinado a:\n<ul>\n<li><em>Executivos, advogados, procuradores, assessores, consultores jur\u00eddicos;<\/em><\/li>\n<li><em>Auditores e membros de comiss\u00f5es de \u00e9tica;<\/em><\/li>\n<li><em>Empres\u00e1rios, administradores de empresas;<\/em><\/li>\n<li><em>Dirigentes, contadores, servidores p\u00fablicos;<\/em><\/li>\n<li><em>Potenciais aplicadores da lei em geral;<\/em><\/li>\n<li><em>Despachantes, estudantes e demais respons\u00e1veis por interesses de empresas;<\/em><\/li>\n<li><em>Todo e qualquer profissional que atue ou pretenda atuar, direta ou indiretamente, com o tema.<\/em><\/li>\n<\/ul>\n<\/li>\n<\/ul>\n\n    <div class=\"xs_social_share_widget xs_share_url after_content \t\tmain_content  wslu-style-1 wslu-share-box-shaped wslu-fill-colored wslu-none wslu-share-horizontal wslu-theme-font-no wslu-main_content\">\n\n\t\t\n        <ul>\n\t\t\t        <\/ul>\n    <\/div> \n","protected":false},"excerpt":{"rendered":"<p><strong>Conte\u00fado Program\u00e1tico Resumido<\/strong><\/p>\n<ol>\n<li>Integridade e probidade administrativa no \u00e2mbito municipal<\/li>\n<li>Panorama da Lei n\u00ba 12.846\/2013 aplicado aos Munic\u00edpios<\/li>\n<li>Responsabiliza\u00e7\u00e3o administrativa e judicial<\/li>\n<li>Programas de <em>compliance<\/em> e integridade no setor p\u00fablico<\/li>\n<\/ol>\n<p>Quer o Conte\u00fado Program\u00e1tico Completo? <span style=\"color: #0000ff;\"><a style=\"color: #0000ff;\" href=\"https:\/\/sgpsolucoes.com.br\/site\/solicitacao-do-conteudo-programatico-completo\/\" target=\"_blank\" rel=\"noopener\">Clique aqui<\/a><\/span> para solicitar!<\/p>\n<p>&nbsp;<\/p>\n","protected":false},"featured_media":17797,"comment_status":"open","ping_status":"closed","template":"","meta":{"postBodyCss":"","postBodyMargin":[],"postBodyPadding":[],"postBodyBackground":{"backgroundType":"classic","gradient":""},"_price":"1480.00","_stock":"","_tribe_ticket_header":"","_tribe_default_ticket_provider":"","_tribe_ticket_capacity":"0","_ticket_start_date":"","_ticket_end_date":"","_tribe_ticket_show_description":"","_tribe_ticket_show_not_going":false,"_tribe_ticket_use_global_stock":"","_tribe_ticket_global_stock_level":"","_global_stock_mode":"","_global_stock_cap":"","_tribe_rsvp_for_event":"","_tribe_ticket_going_count":"","_tribe_ticket_not_going_count":"","_tribe_tickets_list":"[]","_tribe_ticket_has_attendee_info_fields":false},"product_brand":[],"product_cat":[36,1324],"product_tag":[],"class_list":{"0":"post-17796","1":"product","2":"type-product","3":"status-publish","4":"has-post-thumbnail","6":"product_cat-treinamentos","7":"product_cat-maio-online","9":"first","10":"instock","11":"sale","12":"virtual","13":"purchasable","14":"product-type-simple"},"acf":[],"_links":{"self":[{"href":"https:\/\/sgpsolucoes.com.br\/site\/wp-json\/wp\/v2\/product\/17796"}],"collection":[{"href":"https:\/\/sgpsolucoes.com.br\/site\/wp-json\/wp\/v2\/product"}],"about":[{"href":"https:\/\/sgpsolucoes.com.br\/site\/wp-json\/wp\/v2\/types\/product"}],"replies":[{"embeddable":true,"href":"https:\/\/sgpsolucoes.com.br\/site\/wp-json\/wp\/v2\/comments?post=17796"}],"wp:featuredmedia":[{"embeddable":true,"href":"https:\/\/sgpsolucoes.com.br\/site\/wp-json\/wp\/v2\/media\/17797"}],"wp:attachment":[{"href":"https:\/\/sgpsolucoes.com.br\/site\/wp-json\/wp\/v2\/media?parent=17796"}],"wp:term":[{"taxonomy":"product_brand","embeddable":true,"href":"https:\/\/sgpsolucoes.com.br\/site\/wp-json\/wp\/v2\/product_brand?post=17796"},{"taxonomy":"product_cat","embeddable":true,"href":"https:\/\/sgpsolucoes.com.br\/site\/wp-json\/wp\/v2\/product_cat?post=17796"},{"taxonomy":"product_tag","embeddable":true,"href":"https:\/\/sgpsolucoes.com.br\/site\/wp-json\/wp\/v2\/product_tag?post=17796"}],"curies":[{"name":"wp","href":"https:\/\/api.w.org\/{rel}","templated":true}]}}