{"id":4944,"date":"2024-10-17T09:05:19","date_gmt":"2024-10-17T12:05:19","guid":{"rendered":"https:\/\/sgpsolucoes.com.br\/site\/?post_type=product&#038;p=4944"},"modified":"2026-03-17T10:44:56","modified_gmt":"2026-03-17T13:44:56","slug":"20-21-e-22-05-24-horas-de-imersao-teorica-e-pratica-nova-lei-de-licitacoes-e-contratos-administrativos-lei-n-14-133-2021","status":"publish","type":"product","link":"https:\/\/sgpsolucoes.com.br\/site\/produto\/20-21-e-22-05-24-horas-de-imersao-teorica-e-pratica-nova-lei-de-licitacoes-e-contratos-administrativos-lei-n-14-133-2021\/","title":{"rendered":"20, 21 e 22\/05 &#8211; 24 Horas de Imers\u00e3o Te\u00f3rica e Pr\u00e1tica nova Lei de Licita\u00e7\u00f5es e Contratos Administrativos (Lei n\u00b0 14.133\/2021)"},"content":{"rendered":"<p><strong>\u00a0S\u00c3O PAULO\/SP &#8211; Dias 20, 21 e 22 de Maio de 2026<\/strong><br \/>\n<strong>Carga hor\u00e1ria:<\/strong> 24 horas<br \/>\n<strong>Hor\u00e1rio do Curso Presencial:<\/strong> das 8h30 \u00e0s 17h30<br \/>\n<strong>Intervalo para o Almo\u00e7o:<\/strong> das 12h30 \u00e0s 13h30<br \/>\n<strong>Coffee-Breaks<\/strong>: \u00e0s 10h e \u00e0s 16h<\/p>\n<p><strong>Professor confirmado no evento:<\/strong> Gilberto Oliveira<\/p>\n<p><strong>Objetivo:<\/strong><br \/>\nAprofundar-se em todas as novidades e altera\u00e7\u00f5es introduzidas pela nova Lei de Licita\u00e7\u00f5es e Contratos Administrativos, Lei n\u00b0 14.133\/2021, a fim de viabilizar sua aplicabilidade pela Administra\u00e7\u00e3o P\u00fablica.<\/p>\n<p><strong>P\u00fablico-alvo:<\/strong><br \/>\n\u2022 agentes de contrata\u00e7\u00e3o, pregoeiros e integrantes de equipes de apoio;<br \/>\n\u2022 membros de comiss\u00f5es de contrata\u00e7\u00e3o e comiss\u00f5es de licita\u00e7\u00e3o;<br \/>\n\u2022 integrantes de setores de licita\u00e7\u00f5es e contratos;<br \/>\n\u2022 integrantes de setores de compras e contrata\u00e7\u00f5es;<br \/>\n\u2022 agentes respons\u00e1veis pela an\u00e1lise de recursos, impugna\u00e7\u00f5es e esclarecimentos;<br \/>\n\u2022 respons\u00e1veis pela fase preparat\u00f3ria da licita\u00e7\u00e3o e\/ou pela elabora\u00e7\u00e3o de editais;<br \/>\n\u2022 gestores e fiscais de contratos;<br \/>\n\u2022 assessores jur\u00eddicos, procuradores e advogados;<br \/>\n\u2022 todo agente p\u00fablico envolvido, direta ou indiretamente, em processos de contrata\u00e7\u00e3o pela Administra\u00e7\u00e3o P\u00fablica em geral;<br \/>\n\u2022 todo e qualquer profissional que atue ou pretenda atuar, direta ou indiretamente, com o tema.<\/p>\n\n    <div class=\"xs_social_share_widget xs_share_url after_content \t\tmain_content  wslu-style-1 wslu-share-box-shaped wslu-fill-colored wslu-none wslu-share-horizontal wslu-theme-font-no wslu-main_content\">\n\n\t\t\n        <ul>\n\t\t\t        <\/ul>\n    <\/div> \n","protected":false},"excerpt":{"rendered":"<p><strong>Conte\u00fado Program\u00e1tico Resumido<\/strong><br \/>\n<strong>PARTE 1<\/strong><br \/>\nFluxograma da fase preparat\u00f3ria e compet\u00eancias<br \/>\nElabora\u00e7\u00e3o do Estudo T\u00e9cnico Preliminar \u2013 ETP (passo a passo)<br \/>\nApresenta\u00e7\u00e3o de modelo de ETP<br \/>\nCheck-list de ETP na nova Lei de Licita\u00e7\u00f5es<br \/>\nElabora\u00e7\u00e3o do Termo de Refer\u00eancia \u2013 TR (passo a passo)\u00a0Apresenta\u00e7\u00e3o de modelo de TR<\/p>\n<p><strong>PARTE 2<\/strong><br \/>\nElabora\u00e7\u00e3o de edital de preg\u00e3o na pr\u00e1tica, com todas as cautelas necess\u00e1rias<br \/>\n(passo a passo)<\/p>\n<p>Apresenta\u00e7\u00e3o de modelo de edital de preg\u00e3o<\/p>\n<p>Elabora\u00e7\u00e3o de edital de concorr\u00eancia na pr\u00e1tica, com todas as cautelas<br \/>\nnecess\u00e1rias (passo a passo)<\/p>\n<p>Apresenta\u00e7\u00e3o de modelo de edital de concorr\u00eancia<\/p>\n<p>Check-list de edital na nova Lei de Licita\u00e7\u00f5es<\/p>\n<p><strong>PARTE 3<\/strong><br \/>\nElabora\u00e7\u00e3o de contrato administrativo na pr\u00e1tica, com todas as cautelas<br \/>\nnecess\u00e1rias (passo a passo)<br \/>\nCl\u00e1usulas necess\u00e1rias<br \/>\nCl\u00e1usulas facultativas<br \/>\nDistin\u00e7\u00e3o entre contratos administrativos e contratos da Administra\u00e7\u00e3o?<br \/>\nGarantias<br \/>\nAloca\u00e7\u00e3o de riscos<\/p>\n<p>Quer o Conte\u00fado Program\u00e1tico Completo? <span style=\"color: #0000ff;\"><a style=\"color: #0000ff;\" href=\"https:\/\/sgpsolucoes.com.br\/site\/solicitacao-do-conteudo-programatico-completo\/\" target=\"_blank\" rel=\"noopener\">Clique aqui<\/a><\/span> para solicitar!<\/p>\n","protected":false},"featured_media":17733,"comment_status":"open","ping_status":"closed","template":"","meta":{"postBodyCss":"","postBodyMargin":[],"postBodyPadding":[],"postBodyBackground":{"backgroundType":"classic","gradient":""},"_price":"2980.00","_stock":"","_tribe_ticket_header":"","_tribe_default_ticket_provider":"","_tribe_ticket_capacity":"0","_ticket_start_date":"","_ticket_end_date":"","_tribe_ticket_show_description":"","_tribe_ticket_show_not_going":false,"_tribe_ticket_use_global_stock":"","_tribe_ticket_global_stock_level":"","_global_stock_mode":"","_global_stock_cap":"","_tribe_rsvp_for_event":"","_tribe_ticket_going_count":"","_tribe_ticket_not_going_count":"","_tribe_tickets_list":"[]","_tribe_ticket_has_attendee_info_fields":false},"product_brand":[],"product_cat":[36,61],"product_tag":[],"class_list":{"0":"post-4944","1":"product","2":"type-product","3":"status-publish","4":"has-post-thumbnail","6":"product_cat-treinamentos","7":"product_cat-maio-presencial","9":"first","10":"instock","11":"sale","12":"virtual","13":"purchasable","14":"product-type-simple"},"acf":[],"_links":{"self":[{"href":"https:\/\/sgpsolucoes.com.br\/site\/wp-json\/wp\/v2\/product\/4944"}],"collection":[{"href":"https:\/\/sgpsolucoes.com.br\/site\/wp-json\/wp\/v2\/product"}],"about":[{"href":"https:\/\/sgpsolucoes.com.br\/site\/wp-json\/wp\/v2\/types\/product"}],"replies":[{"embeddable":true,"href":"https:\/\/sgpsolucoes.com.br\/site\/wp-json\/wp\/v2\/comments?post=4944"}],"wp:featuredmedia":[{"embeddable":true,"href":"https:\/\/sgpsolucoes.com.br\/site\/wp-json\/wp\/v2\/media\/17733"}],"wp:attachment":[{"href":"https:\/\/sgpsolucoes.com.br\/site\/wp-json\/wp\/v2\/media?parent=4944"}],"wp:term":[{"taxonomy":"product_brand","embeddable":true,"href":"https:\/\/sgpsolucoes.com.br\/site\/wp-json\/wp\/v2\/product_brand?post=4944"},{"taxonomy":"product_cat","embeddable":true,"href":"https:\/\/sgpsolucoes.com.br\/site\/wp-json\/wp\/v2\/product_cat?post=4944"},{"taxonomy":"product_tag","embeddable":true,"href":"https:\/\/sgpsolucoes.com.br\/site\/wp-json\/wp\/v2\/product_tag?post=4944"}],"curies":[{"name":"wp","href":"https:\/\/api.w.org\/{rel}","templated":true}]}}